me factors of 8/(-20) - 82/g.
2
Let y(m) = 15 - 1 + m + m - 3*m. List the prime factors of y(6).
2
Let h = -4 + -2. Let p be 8/(-3) + (-4)/h. Let i = 5 + p. What are the prime factors of i?
3
Let x be (-111)/(-21) + (-8)/28. Let c(l) = 3*l - 3. What are the prime factors of c(x)?
2, 3
Suppose 0*f + j + 31 = f, -j = 5*f - 143. What are the prime factors of f?
29
Suppose 0 = -4*u + u + 198. Suppose -u = -h - h. List the prime factors of h.
3, 11
Suppose 3*y - 33 + 21 = 0. What are the prime factors of y?
2
Let r = -10 + 22. List the prime factors of r.
2, 3
Let u(h) = -h**3 - 6*h**2 + 8*h + 9. Let l be u(-7). Let d = l - 2. Suppose 2 = g - 5*f + 5, d = 2*g + 4*f - 8. What are the prime factors of g?
2
Suppose -3*z + 28 = -5*z. Let d = z - -21. What are the prime factors of d?
7
List the prime factors of 204 - ((-4)/(-8) - 2/(-4)).
7, 29
Let y(r) = -r**3 - 7*r**2 - 6. Let n(i) = i**3 + 8*i**2 + 7. Let q(c) = 4*n(c) + 5*y(c). List the prime factors of q(-4).
2, 7
Let c be -2*((1 - 0) + -2). Suppose 234 = 4*w + c*w. List the prime factors of w.
3, 13
Let v(q) = -q**3 + 6*q**2 - 7*q + 5. Let t be v(4). Let w = t + -7. What are the prime factors of w?
2
Suppose 0 = v + 2*x - 1, 0 = -5*v + 2*x + 3*x + 35. Suppose 4*z - 4*d + v*d = 71, 23 = 2*z + 3*d. What are the prime factors of z?
19
Suppose 6 = -a + 4*a. Suppose -3 = 2*q - b - 73, 0 = q - a*b - 38. Suppose -21 = -3*f - r, f = -4*f - 2*r + q. What are the prime factors of f?
2
Suppose q - 2*o = 67, -3*q - 330 = -8*q + 5*o. List the prime factors of q.
5, 13
Let s(a) = 4*a + 4. List the prime factors of s(7).
2
Let a(w) = 5*w - 58. What are the prime factors of a(24)?
2, 31
Let x(g) = -2*g**2 - 8*g + 1. Let u(l) = -3*l**2 - 15*l + 2. Let j(v) = 3*u(v) - 5*x(v). Let r(m) = -2*m - 4. Let k be r(-5). List the prime factors of j(k).
7
Suppose 6*a - 4*q + 16 = 5*a, 0 = -4*a + q - 4. Suppose a*h = -h + 3. List the prime factors of h.
3
Suppose 4*a + 87 = 5*s + 3*a, -4*a - 59 = -3*s. Let n = s - 6. List the prime factors of n.
11
Suppose -6*d + 140 = -d. List the prime factors of d.
2, 7
Let u be (-2)/(-10) - 808/(-10). Let j = 118 - u. What are the prime factors of j?
37
Suppose -11*d + 7 + 411 = 0. What are the prime factors of d?
2, 19
Let y = -97 - -199. What are the prime factors of y?
2, 3, 17
Suppose -i = -3*j - 204, -4*i - 5*j = i - 1100. Suppose 3*k - i = -72. List the prime factors of k.
2, 3
Suppose 5*u + 2 = -a - 3, 4*a = u + 1. Suppose 3*o + 5 = h - 1, -2*o = a. List the prime factors of h.
2, 3
Suppose 0 = 5*m, -5*f = -3*f - 4*m - 66. What are the prime factors of f?
3, 11
Let n(c) = -c**3 + 6*c**2 + 7*c - 2. Let y be n(7). What are the prime factors of -2 - (0 - y - 16)?
2, 3
Let u be (-48)/(-28) - 2/(-7). Suppose -4*g = -u*n - 13 + 103, g + 110 = 3*n. What are the prime factors of n?
5, 7
Suppose 7*a + 85 = 5*j + 2*a, -j + 2*a + 18 = 0. List the prime factors of j.
2
Let t(g) be the second derivative of -g**3 + 3*g**2/2 + g. Let h be t(2). Let f = h - -19. List the prime factors of f.
2, 5
Let q(h) = 4*h - 1. Let n be q(6). Suppose -5*s + 47 = 4*k, -s + 15 = 3*k - n. List the prime factors of k.
13
Let m be 2/2*-1 + 4. Let f(o) = 2 + 2*o + 2*o - m*o. What are the prime factors of f(6)?
2
Let u = 8 + -8. Suppose 2*g + u*g = -20. Let s = g + 22. What are the prime factors of s?
2, 3
Let o(d) = -10*d**3 - 2*d**2 + 3*d + 3. What are the prime factors of o(-2)?
3, 23
Let n = -16 - -18. Suppose -z + 11 = n*r, 3*z - 3 = 4*r - 0. List the prime factors of z.
5
Suppose 4*d + 2*h + 8 = 7*h, -4*h = 4*d - 28. Suppose q + d - 7 = 0. Suppose 0 = -5*b + 26 + q. What are the prime factors of b?
2, 3
Suppose 3*t - 17 - 34 = 0. Let u = t - 3. What are the prime factors of u?
2, 7
Let r = 256 + -134. What are the prime factors of r?
2, 61
Suppose -4*h + 19 - 3 = 0. Suppose -3*v = -h*v + 31. List the prime factors of v.
31
Let b be 1/(-1 - 22/(-21)). Let h = b + -4. What are the prime factors of h?
17
Suppose -5 = -m + 7. What are the prime factors of m?
2, 3
List the prime factors of 120*((-42)/9)/(-7).
2, 5
Let j = -7 + 5. Let x(o) = -o**2 - 2*o + 1. Let f(t) = -2*t**2 - 2*t + 1. Let r(g) = -3*f(g) + 2*x(g). What are the prime factors of r(j)?
11
Let k = -84 - -132. List the prime factors of k.
2, 3
Let d = -11 + 7. Let q = d + 15. What are the prime factors of q?
11
Let y(h) = h**2 - 6*h - 3. Let g(w) = w**2 + w + 1. Let d = 7 + -6. Let i(n) = d*y(n) - 2*g(n). List the prime factors of i(-5).
2, 5
Let j = 4 + -4. Let y = j - -7. What are the prime factors of y?
7
Let p be (-2 - (-5)/3)*-15. Let b(c) = c**2 - c + 3. Let i be b(p). Let w = i - 13. What are the prime factors of w?
2, 5
Let p(y) = -y**2 + 6*y - 9. Let l(h) = h**2 - 5*h + 10. Let j(a) = 3*l(a) + 4*p(a). What are the prime factors of j(6)?
2, 3
Suppose 3*v = -3*a - 12, 2*v - 4 = -3*v + a. Suppose -i + 16 = -v. List the prime factors of i.
2
Let n = 95 - 66. Let m(h) = -2*h**3 - 3*h**2 + 3*h + 2. Let w be m(-3). Let p = n - w. What are the prime factors of p?
3
What are the prime factors of 225/2 - 21/(-14)?
2, 3, 19
Let w(r) = r**2 + r + 1. Let b be w(-1). Suppose 4*u - b = -s + 11, 3*s + 24 = 3*u. Let p(f) = -f + 7. What are the prime factors of p(u)?
3
Suppose 5*r + 612 = 1567. What are the prime factors of r?
191
Let i = 3 - 1. Let s = 3 + i. Suppose 0 = 2*f - 3*u - 39, -4*f - s*u + 3 = -20. What are the prime factors of f?
2, 3
Suppose 6 = 2*t - t. Let y = 27 - t. List the prime factors of y.
3, 7
Suppose -2*p = -5*u + 344, -5*u + 338 = -6*p + 2*p. Suppose 3*j + 19 - u = 0. What are the prime factors of j?
17
Suppose -2*i - n + 83 = 2*i, 5*n + 26 = i. List the prime factors of i.
3, 7
Let i(j) = -14*j - 3. What are the prime factors of i(-5)?
67
Let f(d) = -d**3 + 9*d**2 - 10*d - 1. Let p be f(7). Let k = p - -9. What are the prime factors of k?
2, 3
Suppose -4*z + 12 = -4*i, -3*z - 44 + 13 = 5*i. Let n = 8 + i. Suppose 16 + 5 = n*c. What are the prime factors of c?
7
Let n be (-4)/(-10) + (-35)/25. List the prime factors of (16 - n) + (-6)/(-2).
2, 5
Let i(n) = n**2 - 5*n + 57. What are the prime factors of i(0)?
3, 19
Suppose 0 = 3*c - 4*k + 1 - 36, 0 = -2*k - 10. Suppose 5*b = 4*b + c*s - 6, 20 = 5*s. What are the prime factors of b?
2, 7
Suppose 13 = 3*q - 14. Suppose -5*f + 56 = 4*j - q, 3*f = -4*j + 71. Suppose -2*a - j = -60. List the prime factors of a.
2, 5
Let q(y) = 38*y**3 + y**2 + y - 1. What are the prime factors of q(1)?
3, 13
Suppose 5*z - 14 = 4*f, z = f - 2*z + 7. List the prime factors of (-77)/(-42) + f/(-6).
2
Suppose 24 = 3*s - 0*s. Let g(a) = s + a + 6 - 2. List the prime factors of g(-7).
5
Let r(i) = -i + 6. Let l be r(5). Let b(x) = x**3 - x**2 - x + 1. Let p be b(l). Suppose p = -4*c + 13 - 5. What are the prime factors of c?
2
Let i = -28 + 66. What are the prime factors of i?
2, 19
Let b be (-21)/(-14) - 17/2. List the prime factors of ((-12)/7)/(1/b).
2, 3
List the prime factors of 163/2 + 4/(-8).
3
Let r(d) = d**2 + 9*d - 15. List the prime factors of r(-12).
3, 7
Let q = 2 + 1. Suppose 2*r + 4*w = -q*r, -r = 4*w + 16. Suppose 0 - 12 = -r*m. List the prime factors of m.
3
Let d(u) = 6*u + 18. Let t be d(-8). Let y = t + 50. List the prime factors of y.
2, 5
Suppose 0 = 4*g + 89 - 445. What are the prime factors of g?
89
What are the prime factors of 2/(-3)*(-414)/4?
3, 23
Let q(v) = v**2 - 6*v + 5. Let o be q(5). Suppose b = -o*b + 2. What are the prime factors of b?
2
Let x(d) be the first derivative of d**4/4 + d**3/3 - 3*d**2/2 + 3*d + 3. List the prime factors of x(2).
3
Let x = 91 + -58. List the prime factors of x.
3, 11
Suppose 0 = 3*z + n - 131, -2*n - 116 = 2*z - 5*z. List the prime factors of z.
2, 3, 7
Let x be 1*(1 + 1 + -2). Suppose x = 3*j + j - 52. List the prime factors of j.
13
Suppose -3*m = -u - 46 - 84, -3*u + 15 = 0. What are the prime factors of m?
3, 5
Let h = 8 + -5. Suppose -k = h + 2. Let j = k + 10. List the prime factors of j.
5
Let i(k) = 23*k**2. Let s be i(-1). Suppose 15 = 5*y + b, -y + 5*y + 3*b = s. Suppose -8 = y*h - 4*h. List the prime factors of h.
2
Let o = -142 + 250. What are the prime factors of o?
2, 3
Let u(r) = r. List the prime factors of u(4).
2
Let h(r) = r**3 + 7*r**2 - 4. Let a be h(-7). Let l be 2/a*2 - -5. Suppose l*s = -s + 10. What are the prime factors of